{"id":948,"date":"2018-07-26T18:54:56","date_gmt":"2018-07-26T18:54:56","guid":{"rendered":"https:\/\/www.proingesa.cl\/proingesa\/?page_id=948"},"modified":"2018-07-26T19:07:06","modified_gmt":"2018-07-26T19:07:06","slug":"electromecanica","status":"publish","type":"page","link":"https:\/\/www.proingesa.cl\/proingesa\/servicios-area-energia\/electromecanica\/","title":{"rendered":"Electromec\u00e1nica"},"content":{"rendered":"Realizamos todos\u00a0 los documentos y planos necesarios para el correcto conexionado de los equipos primarios a las tensas de barra, el dise\u00f1o funcional de la subestaci\u00f3n aplicando\u00a0 la normativa chilena vigente.\r\n<ul>\r\n\t<li>Diagramas unilineales<\/li>\r\n\t<li>Diagramas de disposici\u00f3n<\/li>\r\n\t<li>Memorias de calculo<\/li>\r\n\t<li>Especificaciones y validaciones t\u00e9cnicas de equipamiento<\/li>\r\n\t<li>Malla de puesta a tierra<\/li>\r\n\t<li>Malla de tierra a\u00e9rea<\/li>\r\n<\/ul>","protected":false},"excerpt":{"rendered":"<p>Realizamos todos\u00a0 los documentos y planos necesarios para el correcto conexionado de los equipos primarios a las tensas de barra, el dise\u00f1o funcional de la subestaci\u00f3n aplicando\u00a0 la normativa chilena vigente. Diagramas unilineales Diagramas de disposici\u00f3n Memorias de calculo Especificaciones y validaciones t\u00e9cnicas de equipamiento Malla de puesta a tierra Malla de tierra a\u00e9rea<\/p>\n","protected":false},"author":1,"featured_media":0,"parent":926,"menu_order":3,"comment_status":"closed","ping_status":"closed","template":"page-servicios-industrial.php","meta":[],"_links":{"self":[{"href":"https:\/\/www.proingesa.cl\/proingesa\/wp-json\/wp\/v2\/pages\/948"}],"collection":[{"href":"https:\/\/www.proingesa.cl\/proingesa\/wp-json\/wp\/v2\/pages"}],"about":[{"href":"https:\/\/www.proingesa.cl\/proingesa\/wp-json\/wp\/v2\/types\/page"}],"author":[{"embeddable":true,"href":"https:\/\/www.proingesa.cl\/proingesa\/wp-json\/wp\/v2\/users\/1"}],"replies":[{"embeddable":true,"href":"https:\/\/www.proingesa.cl\/proingesa\/wp-json\/wp\/v2\/comments?post=948"}],"version-history":[{"count":4,"href":"https:\/\/www.proingesa.cl\/proingesa\/wp-json\/wp\/v2\/pages\/948\/revisions"}],"predecessor-version":[{"id":966,"href":"https:\/\/www.proingesa.cl\/proingesa\/wp-json\/wp\/v2\/pages\/948\/revisions\/966"}],"up":[{"embeddable":true,"href":"https:\/\/www.proingesa.cl\/proingesa\/wp-json\/wp\/v2\/pages\/926"}],"wp:attachment":[{"href":"https:\/\/www.proingesa.cl\/proingesa\/wp-json\/wp\/v2\/media?parent=948"}],"curies":[{"name":"wp","href":"https:\/\/api.w.org\/{rel}","templated":true}]}}