{"id":921,"date":"2018-07-26T18:34:02","date_gmt":"2018-07-26T18:34:02","guid":{"rendered":"https:\/\/www.proingesa.cl\/proingesa\/?page_id=921"},"modified":"2021-05-19T15:44:19","modified_gmt":"2021-05-19T15:44:19","slug":"estudios-sistemicos","status":"publish","type":"page","link":"https:\/\/www.proingesa.cl\/proingesa\/servicios-area-energia\/estudios-sistemicos\/","title":{"rendered":"Estudios Sist\u00e9micos"},"content":{"rendered":"Realizamos todos\u00a0 los estudios de dise\u00f1o de sistemas el\u00e9ctricos de potencia y de conexi\u00f3n al Sistema El\u00e9ctrico Nacional necesarios y exigibles por el Coordinador algunos de ellos son:\n<ul>\n \t<li>Estudio de ajuste y coordinaci\u00f3n de protecciones<\/li>\n \t<li>Estudio de flujo de potencia<\/li>\n \t<li>Estudio de cortocircuitos<\/li>\n \t<li>Estudio de estabilidad din\u00e1mica<\/li>\n \t<li>Estudio de TRV<\/li>\n \t<li>Estudio de Energizaci\u00f3n de transformador o reactor<\/li>\n \t<li>Estudio de cargabilidad de transformadores de medida<\/li>\n \t<li>Estudio de impacto sist\u00e9mico<\/li>\n \t<li>Estudio de Arc Flash<\/li>\n \t<li>Estudio de Coordinaci\u00f3n de aislaci\u00f3n<\/li>\n<\/ul>","protected":false},"excerpt":{"rendered":"<p>Realizamos todos\u00a0 los estudios de dise\u00f1o de sistemas el\u00e9ctricos de potencia y de conexi\u00f3n al Sistema El\u00e9ctrico Nacional necesarios y exigibles por el Coordinador algunos de ellos son: Estudio de ajuste y coordinaci\u00f3n de protecciones Estudio de flujo de potencia Estudio de cortocircuitos Estudio de estabilidad din\u00e1mica Estudio de TRV Estudio de Energizaci\u00f3n de transformador<\/p>\n<p><a href=\"https:\/\/www.proingesa.cl\/proingesa\/servicios-area-energia\/estudios-sistemicos\/\">(More)\u2026<\/a><\/p>\n","protected":false},"author":1,"featured_media":0,"parent":926,"menu_order":0,"comment_status":"closed","ping_status":"closed","template":"page-servicios-industrial.php","meta":[],"_links":{"self":[{"href":"https:\/\/www.proingesa.cl\/proingesa\/wp-json\/wp\/v2\/pages\/921"}],"collection":[{"href":"https:\/\/www.proingesa.cl\/proingesa\/wp-json\/wp\/v2\/pages"}],"about":[{"href":"https:\/\/www.proingesa.cl\/proingesa\/wp-json\/wp\/v2\/types\/page"}],"author":[{"embeddable":true,"href":"https:\/\/www.proingesa.cl\/proingesa\/wp-json\/wp\/v2\/users\/1"}],"replies":[{"embeddable":true,"href":"https:\/\/www.proingesa.cl\/proingesa\/wp-json\/wp\/v2\/comments?post=921"}],"version-history":[{"count":4,"href":"https:\/\/www.proingesa.cl\/proingesa\/wp-json\/wp\/v2\/pages\/921\/revisions"}],"predecessor-version":[{"id":1027,"href":"https:\/\/www.proingesa.cl\/proingesa\/wp-json\/wp\/v2\/pages\/921\/revisions\/1027"}],"up":[{"embeddable":true,"href":"https:\/\/www.proingesa.cl\/proingesa\/wp-json\/wp\/v2\/pages\/926"}],"wp:attachment":[{"href":"https:\/\/www.proingesa.cl\/proingesa\/wp-json\/wp\/v2\/media?parent=921"}],"curies":[{"name":"wp","href":"https:\/\/api.w.org\/{rel}","templated":true}]}}