{"id":553,"date":"2013-09-12T17:18:05","date_gmt":"2013-09-12T17:18:05","guid":{"rendered":"https:\/\/www.proingesa.cl\/proingesa\/?page_id=553"},"modified":"2018-06-23T21:19:25","modified_gmt":"2018-06-23T21:19:25","slug":"ingenieria-de-instrumentacion","status":"publish","type":"page","link":"https:\/\/www.proingesa.cl\/proingesa\/servicios-industria\/ingenieria-de-instrumentacion\/","title":{"rendered":"Ingenier\u00eda de Instrumentaci\u00f3n"},"content":{"rendered":"<h3>Servicios de Ingenier\u00eda de Instrumentaci\u00f3n<\/h3>\r\n<ul>\r\n\t<li>Servicios de Ingenier\u00eda Conceptual, B\u00e1sica y de Detalle.<\/li>\r\n\t<li>Servicio de Estudios T\u00e9cnicos.<\/li>\r\n\t<li>Dimensionamiento de V\u00e1lvulas y Sensores Primarios.<\/li>\r\n\t<li>Especificaciones de Instrumentos.<\/li>\r\n\t<li>Especificaciones de Sistemas de Control, Sistemas de Seguridad.<\/li>\r\n\t<li>Especificaciones de Sistemas de Monitoreo Ambiental.<\/li>\r\n\t<li>Desarrollo de Filosof\u00edas de Control y Diagramas L\u00f3gicos.<\/li>\r\n\t<li>Gesti\u00f3n de Compra de Instrumentos y Materiales.<\/li>\r\n\t<li>Planos de Conexionado.<\/li>\r\n\t<li>Planos de Montaje de Instrumentos.<\/li>\r\n\t<li>Validaci\u00f3n de Planos de Proveedores.<\/li>\r\n\t<li>Planos de Canalizaciones El\u00e9ctricas \u2013 Instrumentales.<\/li>\r\n\t<li>Especificaciones y Bases T\u00e9cnicas de Montaje.<\/li>\r\n\t<li>Dise\u00f1o de Sistemas de Seguridad SIL 2 y 3.<\/li>\r\n<\/ul>\r\n<div class=\"new44\">\r\n<div class=\"new45\">experiencias \u00e1rea instrumentaci\u00f3n<\/div>\r\n<\/div>\r\n<div class=\"new98\">\r\n<div class=\"new99\">A\u00f1o<\/div>\r\n<div class=\"new100\">Descripci\u00f3n Experiencia<\/div>\r\n<\/div>\r\n<div class=\"new102\">\r\n<div class=\"new101\">\r\n<div class=\"new99\">2011<\/div>\r\n<div class=\"new100\">Servicio de Ingenier\u00eda para Proyecto Integraci\u00f3n I&amp;C PMAV1\/<\/div>\r\n<\/div>\r\n<div class=\"new101\">\r\n<div class=\"new99\">2011<\/div>\r\n<div class=\"new100\">Ampliaci\u00f3n de Servicio de Ingenier\u00eda para Proyecto Integraci\u00f3n I&amp;C PMA-V1\/V2<\/div>\r\n<\/div>\r\n<div class=\"new101\">\r\n<div class=\"new99\">2012<\/div>\r\n<div class=\"new100\">Instalacion transmisor de presi\u00f3n en F-276<\/div>\r\n<\/div>\r\n<div class=\"new101\">\r\n<div class=\"new99\">2012<\/div>\r\n<div class=\"new100\">Habilitaci\u00f3n sistema de medici\u00f3n en l\u00ednea tma-siav, modificaci\u00f3n gabinete plc y canalizaci\u00f3n m\u00e1sicos<\/div>\r\n<\/div>\r\n<div class=\"new101\">\r\n<div class=\"new99\">2013<\/div>\r\n<div class=\"new100\">Oleoducto Talcahuano &#8211; San Fernando<\/div>\r\n<\/div>\r\n<div class=\"new101\">\r\n<div class=\"new99\">2013<\/div>\r\n<div class=\"new100\">Coordinaci\u00f3n de Protecciones para Alimentador Bocatoma, desde el GF3 de TTEE<\/div>\r\n<\/div>\r\n<div class=\"new101\">\r\n<div class=\"new99\">2013<\/div>\r\n<div class=\"new100\">Ajuste Protecci\u00f3n y ajuste Partidor Suave Motor Ex J-714B<\/div>\r\n<\/div>\r\n<div class=\"new101\">\r\n<div class=\"new99\">2013<\/div>\r\n<div class=\"new100\">Ingenier\u00eda de Detalle Tablero de Paro Planta Coker y Ajuste Protecciones<\/div>\r\n<\/div>\r\n<div class=\"new101\">\r\n<div class=\"new99\">2013<\/div>\r\n<div class=\"new100\">Ingenier\u00eda de Detalle Medici\u00f3n de Flujo en Circuito de Agua Cruda a Tratamiento<\/div>\r\n<\/div>\r\n<div class=\"new101\">\r\n<div class=\"new99\">2013<\/div>\r\n<div class=\"new100\">Ingenier\u00eda de Detalle Sistema de Detecci\u00f3n de Gases en unidades de Proceso<\/div>\r\n<\/div>\r\n<div class=\"new101\">\r\n<div class=\"new99\">2013<\/div>\r\n<div class=\"new100\">Instalaci\u00f3n de un transmisor de nivel en pozo p-23 Lajarilla<\/div>\r\n<\/div>\r\n<div class=\"new101\">\r\n<div class=\"new99\">2013<\/div>\r\n<div class=\"new100\">Modificaciones Instrumentales y de BMS hornos HDG<\/div>\r\n<\/div>\r\n<div class=\"new101\">\r\n<div class=\"new99\">2013<\/div>\r\n<div class=\"new100\">Instalaci\u00f3n de c\u00e1maras y detectores de H2S en Planta de efluentes<\/div>\r\n<\/div>\r\n<div class=\"new101\">\r\n<div class=\"new99\">2013<\/div>\r\n<div class=\"new100\">Ingenier\u00eda b\u00e1sica y de detalle para instalaci\u00f3n de medidores m\u00e1sicos en oleoducto Maip\u00fa-Amb<\/div>\r\n<\/div>\r\n<\/div>","protected":false},"excerpt":{"rendered":"<p>Servicios de Ingenier\u00eda de Instrumentaci\u00f3n Servicios de Ingenier\u00eda Conceptual, B\u00e1sica y de Detalle. Servicio de Estudios T\u00e9cnicos. Dimensionamiento de V\u00e1lvulas y Sensores Primarios. Especificaciones de Instrumentos. Especificaciones de Sistemas de Control, Sistemas de Seguridad. Especificaciones de Sistemas de Monitoreo Ambiental. Desarrollo de Filosof\u00edas de Control y Diagramas L\u00f3gicos. Gesti\u00f3n de Compra de Instrumentos y Materiales.<\/p>\n<p><a href=\"https:\/\/www.proingesa.cl\/proingesa\/servicios-industria\/ingenieria-de-instrumentacion\/\">(More)\u2026<\/a><\/p>\n","protected":false},"author":1,"featured_media":0,"parent":66,"menu_order":0,"comment_status":"closed","ping_status":"closed","template":"page-servicios-industrial.php","meta":[],"_links":{"self":[{"href":"https:\/\/www.proingesa.cl\/proingesa\/wp-json\/wp\/v2\/pages\/553"}],"collection":[{"href":"https:\/\/www.proingesa.cl\/proingesa\/wp-json\/wp\/v2\/pages"}],"about":[{"href":"https:\/\/www.proingesa.cl\/proingesa\/wp-json\/wp\/v2\/types\/page"}],"author":[{"embeddable":true,"href":"https:\/\/www.proingesa.cl\/proingesa\/wp-json\/wp\/v2\/users\/1"}],"replies":[{"embeddable":true,"href":"https:\/\/www.proingesa.cl\/proingesa\/wp-json\/wp\/v2\/comments?post=553"}],"version-history":[{"count":9,"href":"https:\/\/www.proingesa.cl\/proingesa\/wp-json\/wp\/v2\/pages\/553\/revisions"}],"predecessor-version":[{"id":842,"href":"https:\/\/www.proingesa.cl\/proingesa\/wp-json\/wp\/v2\/pages\/553\/revisions\/842"}],"up":[{"embeddable":true,"href":"https:\/\/www.proingesa.cl\/proingesa\/wp-json\/wp\/v2\/pages\/66"}],"wp:attachment":[{"href":"https:\/\/www.proingesa.cl\/proingesa\/wp-json\/wp\/v2\/media?parent=553"}],"curies":[{"name":"wp","href":"https:\/\/api.w.org\/{rel}","templated":true}]}}