{"id":551,"date":"2013-09-12T17:17:46","date_gmt":"2013-09-12T17:17:46","guid":{"rendered":"https:\/\/www.proingesa.cl\/proingesa\/?page_id=551"},"modified":"2018-06-23T21:12:58","modified_gmt":"2018-06-23T21:12:58","slug":"ingenieria-civil","status":"publish","type":"page","link":"https:\/\/www.proingesa.cl\/proingesa\/servicios-industria\/ingenieria-civil\/","title":{"rendered":"Ingenier\u00eda Civil"},"content":{"rendered":"<h3>Servicios de Ingenier\u00eda Civil Estructural<\/h3>\r\n<ul>\r\n\t<li>Ingenier\u00eda Civil<\/li>\r\n\t<li>Servicios de Ingenier\u00eda Conceptual, B\u00e1sica y de Detalle.<\/li>\r\n\t<li>Servicio de Estudios T\u00e9cnicos.<\/li>\r\n\t<li>Dise\u00f1o de Estructuras.<\/li>\r\n\t<li>Dise\u00f1o de Obras Civiles.<\/li>\r\n\t<li>An\u00e1lisis Estructurales.<\/li>\r\n\t<li>An\u00e1lisis S\u00edsmicos.<\/li>\r\n\t<li>An\u00e1lisis Din\u00e1micos.<\/li>\r\n\t<li>Proyectos Hidr\u00e1ulicos.<\/li>\r\n\t<li>Proyectos Sanitarios.<\/li>\r\n\t<li>Proyectos de Urbanizaci\u00f3n.<\/li>\r\n\t<li>Proyectos de Arquitectura.<\/li>\r\n\t<li>Estudios Topogr\u00e1ficos.<\/li>\r\n\t<li>Estudios Geot\u00e9cnicos y Geol\u00f3gicos.<\/li>\r\n\t<li>Estudios Hidr\u00e1ulicos e Hidrol\u00f3gicos.<\/li>\r\n<\/ul>\r\n<div class=\"new44\">\r\n<div class=\"new45\">experiencias \u00e1rea civil<\/div>\r\n<\/div>\r\n<div class=\"new98\">\r\n<div class=\"new99\">A\u00f1o<\/div>\r\n<div class=\"new100\">Descripci\u00f3n Experiencia<\/div>\r\n<\/div>\r\n<div class=\"new102\">\r\n<div class=\"new101\">\r\n<div class=\"new99\">2011<\/div>\r\n<div class=\"new100\">Centro deportivo y Cultural Las Ventanas<\/div>\r\n<\/div>\r\n<div class=\"new101\">\r\n<div class=\"new99\">2012<\/div>\r\n<div class=\"new100\">Ingenier\u00eda de detalles civil en se san Rafael<\/div>\r\n<\/div>\r\n<div class=\"new101\">\r\n<div class=\"new99\">2013<\/div>\r\n<div class=\"new100\">Dise\u00f1o soporte Silenciadores Edificio V1 Gener Ventanas<\/div>\r\n<\/div>\r\n<div class=\"new101\">\r\n<div class=\"new99\">2013<\/div>\r\n<div class=\"new100\">Ing. Det. Reubicaci\u00f3n Instalaciones Expansi\u00f3n Este 6 Obras el\u00e9ctricas y Saneamiento<\/div>\r\n<\/div>\r\n<div class=\"new101\">\r\n<div class=\"new99\">2013<\/div>\r\n<div class=\"new100\">Ingenier\u00eda de detalles Central Andes<\/div>\r\n<\/div>\r\n<\/div>\r\n<div class=\"new44\">\r\n<div class=\"new45\">estudios \u00e1rea civil<\/div>\r\n<\/div>\r\n<div class=\"new98\">\r\n<div class=\"new99\">A\u00f1o<\/div>\r\n<div class=\"new100\">Descripci\u00f3n ESTUDIO<\/div>\r\n<\/div>\r\n<div class=\"new102\">\r\n<div class=\"new101\">\r\n<div class=\"new99\">2013<\/div>\r\n<div class=\"new100\">Revisi\u00f3n Ing. B\u00e1sica central andes generaci\u00f3n<\/div>\r\n<\/div>\r\n<\/div>","protected":false},"excerpt":{"rendered":"<p>Servicios de Ingenier\u00eda Civil Estructural Ingenier\u00eda Civil Servicios de Ingenier\u00eda Conceptual, B\u00e1sica y de Detalle. Servicio de Estudios T\u00e9cnicos. Dise\u00f1o de Estructuras. Dise\u00f1o de Obras Civiles. An\u00e1lisis Estructurales. An\u00e1lisis S\u00edsmicos. An\u00e1lisis Din\u00e1micos. Proyectos Hidr\u00e1ulicos. Proyectos Sanitarios. Proyectos de Urbanizaci\u00f3n. Proyectos de Arquitectura. Estudios Topogr\u00e1ficos. Estudios Geot\u00e9cnicos y Geol\u00f3gicos. Estudios Hidr\u00e1ulicos e Hidrol\u00f3gicos. experiencias \u00e1rea civil<\/p>\n<p><a href=\"https:\/\/www.proingesa.cl\/proingesa\/servicios-industria\/ingenieria-civil\/\">(More)\u2026<\/a><\/p>\n","protected":false},"author":1,"featured_media":0,"parent":66,"menu_order":0,"comment_status":"closed","ping_status":"closed","template":"page-servicios-industrial.php","meta":[],"_links":{"self":[{"href":"https:\/\/www.proingesa.cl\/proingesa\/wp-json\/wp\/v2\/pages\/551"}],"collection":[{"href":"https:\/\/www.proingesa.cl\/proingesa\/wp-json\/wp\/v2\/pages"}],"about":[{"href":"https:\/\/www.proingesa.cl\/proingesa\/wp-json\/wp\/v2\/types\/page"}],"author":[{"embeddable":true,"href":"https:\/\/www.proingesa.cl\/proingesa\/wp-json\/wp\/v2\/users\/1"}],"replies":[{"embeddable":true,"href":"https:\/\/www.proingesa.cl\/proingesa\/wp-json\/wp\/v2\/comments?post=551"}],"version-history":[{"count":32,"href":"https:\/\/www.proingesa.cl\/proingesa\/wp-json\/wp\/v2\/pages\/551\/revisions"}],"predecessor-version":[{"id":574,"href":"https:\/\/www.proingesa.cl\/proingesa\/wp-json\/wp\/v2\/pages\/551\/revisions\/574"}],"up":[{"embeddable":true,"href":"https:\/\/www.proingesa.cl\/proingesa\/wp-json\/wp\/v2\/pages\/66"}],"wp:attachment":[{"href":"https:\/\/www.proingesa.cl\/proingesa\/wp-json\/wp\/v2\/media?parent=551"}],"curies":[{"name":"wp","href":"https:\/\/api.w.org\/{rel}","templated":true}]}}