{"id":400,"date":"2013-08-01T21:52:29","date_gmt":"2013-08-01T21:52:29","guid":{"rendered":"https:\/\/www.proingesa.cl\/proingesa\/?page_id=400"},"modified":"2018-06-23T21:31:26","modified_gmt":"2018-06-23T21:31:26","slug":"trabaje-con-nosotros","status":"publish","type":"page","link":"https:\/\/www.proingesa.cl\/proingesa\/trabaje-con-nosotros\/","title":{"rendered":"Trabaje con Nosotros"},"content":{"rendered":"*Llene todos los campos requeridos\r\n<div class=\"new95\"><div class=\"wpcf7\" id=\"wpcf7-f704-p400-o1\"><form action=\"\/proingesa\/wp-json\/wp\/v2\/pages\/400#wpcf7-f704-p400-o1\" method=\"post\" class=\"wpcf7-form\" enctype=\"multipart\/form-data\" novalidate=\"novalidate\">\n<div style=\"display: none;\">\n<input type=\"hidden\" name=\"_wpcf7\" value=\"704\" \/>\n<input type=\"hidden\" name=\"_wpcf7_version\" value=\"3.4.2\" \/>\n<input type=\"hidden\" name=\"_wpcf7_unit_tag\" value=\"wpcf7-f704-p400-o1\" \/>\n<input type=\"hidden\" name=\"_wpnonce\" value=\"73deae5860\" \/>\n<\/div>\n<p>Nombre*<br \/>\n    <span class=\"wpcf7-form-control-wrap your-name\"><input type=\"text\" name=\"your-name\" value=\"\" size=\"40\" class=\"wpcf7-form-control wpcf7-text wpcf7-validates-as-required\" aria-required=\"true\" \/><\/span> <\/p>\n<p>Email*<br \/>\n    <span class=\"wpcf7-form-control-wrap your-email\"><input type=\"email\" name=\"your-email\" value=\"\" size=\"40\" class=\"wpcf7-form-control wpcf7-text wpcf7-email wpcf7-validates-as-required wpcf7-validates-as-email\" aria-required=\"true\" \/><\/span> <\/p>\n<p>Cargo al que Postula*<br \/>\n    <span class=\"wpcf7-form-control-wrap cargo\"><input type=\"text\" name=\"cargo\" value=\"\" size=\"40\" class=\"wpcf7-form-control wpcf7-text wpcf7-validates-as-required\" aria-required=\"true\" \/><\/span> <\/p>\n<p>Adjuntar Curriculum*<br \/>\n    <span class=\"wpcf7-form-control-wrap cv\"><input type=\"file\" name=\"cv\" value=\"1\" size=\"40\" class=\"wpcf7-form-control wpcf7-file wpcf7-validates-as-required\" aria-required=\"true\" \/><\/span> <\/p>\n<p>Mensaje<br \/>\n    <span class=\"wpcf7-form-control-wrap your-message\"><textarea name=\"your-message\" cols=\"40\" rows=\"10\" class=\"wpcf7-form-control wpcf7-textarea\"><\/textarea><\/span> <\/p>\n<p><input type=\"submit\" value=\"Enviar\" class=\"wpcf7-form-control wpcf7-submit\" \/><\/p>\n<div class=\"wpcf7-response-output wpcf7-display-none\"><\/div><\/form><\/div><\/div>\r\nTrabaja con nosotros, somos una empresa l\u00edder en proyectos de ingenier\u00eda, <strong>especializada en el \u00e1rea de energ\u00eda y soluciones integrales en el \u00e1rea industrial<\/strong>.\r\n<img loading=\"lazy\" class=\"aligncenter size-full wp-image-707\" alt=\"trabaje\" src=\"https:\/\/www.proingesa.cl\/proingesa\/wp-content\/uploads\/2013\/08\/trabaje.png\" width=\"270\" height=\"95\" \/>","protected":false},"excerpt":{"rendered":"<p>*Llene todos los campos requeridos Trabaja con nosotros, somos una empresa l\u00edder en proyectos de ingenier\u00eda, especializada en el \u00e1rea de energ\u00eda y soluciones integrales en el \u00e1rea industrial.<\/p>\n","protected":false},"author":1,"featured_media":0,"parent":0,"menu_order":0,"comment_status":"closed","ping_status":"closed","template":"","meta":[],"_links":{"self":[{"href":"https:\/\/www.proingesa.cl\/proingesa\/wp-json\/wp\/v2\/pages\/400"}],"collection":[{"href":"https:\/\/www.proingesa.cl\/proingesa\/wp-json\/wp\/v2\/pages"}],"about":[{"href":"https:\/\/www.proingesa.cl\/proingesa\/wp-json\/wp\/v2\/types\/page"}],"author":[{"embeddable":true,"href":"https:\/\/www.proingesa.cl\/proingesa\/wp-json\/wp\/v2\/users\/1"}],"replies":[{"embeddable":true,"href":"https:\/\/www.proingesa.cl\/proingesa\/wp-json\/wp\/v2\/comments?post=400"}],"version-history":[{"count":5,"href":"https:\/\/www.proingesa.cl\/proingesa\/wp-json\/wp\/v2\/pages\/400\/revisions"}],"predecessor-version":[{"id":705,"href":"https:\/\/www.proingesa.cl\/proingesa\/wp-json\/wp\/v2\/pages\/400\/revisions\/705"}],"wp:attachment":[{"href":"https:\/\/www.proingesa.cl\/proingesa\/wp-json\/wp\/v2\/media?parent=400"}],"curies":[{"name":"wp","href":"https:\/\/api.w.org\/{rel}","templated":true}]}}