{"id":169,"date":"2013-07-31T19:19:45","date_gmt":"2013-07-31T19:19:45","guid":{"rendered":"https:\/\/www.proingesa.cl\/proingesa\/?page_id=169"},"modified":"2018-06-23T20:16:38","modified_gmt":"2018-06-23T20:16:38","slug":"sistemas-de-gestion","status":"publish","type":"page","link":"https:\/\/www.proingesa.cl\/proingesa\/la-empresa\/sistemas-de-gestion\/","title":{"rendered":"Sistemas de Gesti\u00f3n"},"content":{"rendered":"ingesa, desarrolla sus proyectos de ingenier\u00eda bajo el sistema de gesti\u00f3n de calidad\u00a0<strong>ISO 9001:2008<\/strong>, reconocido internacionalmente y certificado\u00a0<strong>por Bureau Veritas<\/strong>, adem\u00e1s contamos con las siguientes certificaciones:\r\n<ul>\r\n\t<li>ISO 9001<\/li>\r\n\t<li>OHSAS 18001<\/li>\r\n\t<li>API SPEC Q1\/ISO 29001 de la industria del Petr\u00f3leo, Petroqu\u00edmica y Gas Natural.<\/li>\r\n<\/ul>\r\nProingesa utiliza el\u00a0<strong>Modelo de Administraci\u00f3n de Proyectos\u00a0<\/strong>creado por\u00a0<strong>PMI\u00a0<\/strong>(<em>Project\u00a0<em>Management Institute<\/em>)<\/em>, una herramienta de gesti\u00f3n que administra correctamente las actividades de proyectos de ingenier\u00eda realizados por nuestra empresa.\r\n<h3>Certificados<\/h3>\r\n\r\n\r\n\r\n<div style=\"clear: both;\">\r\n<div style=\"float: left; margin-right: 30px;\"><a href=\"http:\/\/www.proingesa.cl\/file_site\/certificado-iso9001.pdf\" target=\"_blank\">\r\n<img style=\"height: 305px; border: 1px solid #E31818; padding: 2px;\" alt=\"\" src=\"https:\/\/www.proingesa.cl\/proingesa\/wp-content\/uploads\/2013\/07\/certificado-iso9001.jpg\" \/>\r\n<\/a><\/div>\r\n<div style=\"float: left;\"><a href=\"http:\/\/www.proingesa.cl\/file_site\/certificado-ohsas18001.pdf\" target=\"_blank\">\r\n<img style=\"height: 305px; border: 1px solid #E31818; padding: 2px;\" alt=\"\" src=\"https:\/\/www.proingesa.cl\/proingesa\/wp-content\/uploads\/2013\/07\/certificado-ohsas18001.jpg\" \/>\r\n<\/a><\/div>\r\n<\/div>","protected":false},"excerpt":{"rendered":"<p>ingesa, desarrolla sus proyectos de ingenier\u00eda bajo el sistema de gesti\u00f3n de calidad\u00a0ISO 9001:2008, reconocido internacionalmente y certificado\u00a0por Bureau Veritas, adem\u00e1s contamos con las siguientes certificaciones: ISO 9001 OHSAS 18001 API SPEC Q1\/ISO 29001 de la industria del Petr\u00f3leo, Petroqu\u00edmica y Gas Natural. Proingesa utiliza el\u00a0Modelo de Administraci\u00f3n de Proyectos\u00a0creado por\u00a0PMI\u00a0(Project\u00a0Management Institute), una herramienta de<\/p>\n<p><a href=\"https:\/\/www.proingesa.cl\/proingesa\/la-empresa\/sistemas-de-gestion\/\">(More)\u2026<\/a><\/p>\n","protected":false},"author":1,"featured_media":0,"parent":6,"menu_order":0,"comment_status":"closed","ping_status":"closed","template":"","meta":[],"_links":{"self":[{"href":"https:\/\/www.proingesa.cl\/proingesa\/wp-json\/wp\/v2\/pages\/169"}],"collection":[{"href":"https:\/\/www.proingesa.cl\/proingesa\/wp-json\/wp\/v2\/pages"}],"about":[{"href":"https:\/\/www.proingesa.cl\/proingesa\/wp-json\/wp\/v2\/types\/page"}],"author":[{"embeddable":true,"href":"https:\/\/www.proingesa.cl\/proingesa\/wp-json\/wp\/v2\/users\/1"}],"replies":[{"embeddable":true,"href":"https:\/\/www.proingesa.cl\/proingesa\/wp-json\/wp\/v2\/comments?post=169"}],"version-history":[{"count":8,"href":"https:\/\/www.proingesa.cl\/proingesa\/wp-json\/wp\/v2\/pages\/169\/revisions"}],"predecessor-version":[{"id":171,"href":"https:\/\/www.proingesa.cl\/proingesa\/wp-json\/wp\/v2\/pages\/169\/revisions\/171"}],"up":[{"embeddable":true,"href":"https:\/\/www.proingesa.cl\/proingesa\/wp-json\/wp\/v2\/pages\/6"}],"wp:attachment":[{"href":"https:\/\/www.proingesa.cl\/proingesa\/wp-json\/wp\/v2\/media?parent=169"}],"curies":[{"name":"wp","href":"https:\/\/api.w.org\/{rel}","templated":true}]}}