{"id":132,"date":"2013-07-31T18:23:53","date_gmt":"2013-07-31T18:23:53","guid":{"rendered":"https:\/\/www.proingesa.cl\/proingesa\/?page_id=132"},"modified":"2018-06-23T03:05:56","modified_gmt":"2018-06-23T03:05:56","slug":"responsabilidad-social-empresarial","status":"publish","type":"page","link":"https:\/\/www.proingesa.cl\/proingesa\/la-empresa\/responsabilidad-social-empresarial\/","title":{"rendered":"Responsabilidad Social Empresarial"},"content":{"rendered":"<img loading=\"lazy\" class=\"size-medium wp-image-134 alignleft\" alt=\"logos (1)\" src=\"https:\/\/www.proingesa.cl\/proingesa\/wp-content\/uploads\/2013\/07\/logos-1-248x300.jpg\" width=\"248\" height=\"300\" srcset=\"https:\/\/www.proingesa.cl\/proingesa\/wp-content\/uploads\/2013\/07\/logos-1-248x300.jpg 248w, https:\/\/www.proingesa.cl\/proingesa\/wp-content\/uploads\/2013\/07\/logos-1.jpg 300w\" sizes=\"(max-width: 248px) 100vw, 248px\" \/>Proingesa forma parte de una comunidad y como tal, somos activos part\u00edcipes en el desarrollo de nuestro pa\u00eds. Proingesa es miebro de las organizaciones empresariales ASIVA, CCHC y otras de beneficencia, adem\u00e1s de mantener v\u00ednculos con las Universidades para pr\u00e1cticas profesionales en pos de una estrecha relaci\u00f3n Universidad-Empresa.\r\n\r\nEn Proingesa asumimos la responsabilidad social empresarial desde la perspectiva de generar buenas pr\u00e1cticas en los distintos \u00e1mbitos con los que se tiene relaci\u00f3n.\r\n\r\nUno de ellos apunta al cumplimiento del marco legal y desarrollo de nuestros trabajadores en materias de capacitaci\u00f3n, motivaci\u00f3n y mejoramiento de condiciones laborales.\r\n\r\nEl segundo pretende potenciar la participaci\u00f3n de las familias de nuestros trabajadores en actividades de Proingesa y la labor en conjunto que se pueda realizar con la comunidad, interactuando con organizaciones gremiales, universidades y municipalidades, entre otras.","protected":false},"excerpt":{"rendered":"<p>Proingesa forma parte de una comunidad y como tal, somos activos part\u00edcipes en el desarrollo de nuestro pa\u00eds. Proingesa es miebro de las organizaciones empresariales ASIVA, CCHC y otras de beneficencia, adem\u00e1s de mantener v\u00ednculos con las Universidades para pr\u00e1cticas profesionales en pos de una estrecha relaci\u00f3n Universidad-Empresa. En Proingesa asumimos la responsabilidad social empresarial<\/p>\n<p><a href=\"https:\/\/www.proingesa.cl\/proingesa\/la-empresa\/responsabilidad-social-empresarial\/\">(More)\u2026<\/a><\/p>\n","protected":false},"author":1,"featured_media":0,"parent":6,"menu_order":0,"comment_status":"closed","ping_status":"closed","template":"","meta":[],"_links":{"self":[{"href":"https:\/\/www.proingesa.cl\/proingesa\/wp-json\/wp\/v2\/pages\/132"}],"collection":[{"href":"https:\/\/www.proingesa.cl\/proingesa\/wp-json\/wp\/v2\/pages"}],"about":[{"href":"https:\/\/www.proingesa.cl\/proingesa\/wp-json\/wp\/v2\/types\/page"}],"author":[{"embeddable":true,"href":"https:\/\/www.proingesa.cl\/proingesa\/wp-json\/wp\/v2\/users\/1"}],"replies":[{"embeddable":true,"href":"https:\/\/www.proingesa.cl\/proingesa\/wp-json\/wp\/v2\/comments?post=132"}],"version-history":[{"count":6,"href":"https:\/\/www.proingesa.cl\/proingesa\/wp-json\/wp\/v2\/pages\/132\/revisions"}],"predecessor-version":[{"id":136,"href":"https:\/\/www.proingesa.cl\/proingesa\/wp-json\/wp\/v2\/pages\/132\/revisions\/136"}],"up":[{"embeddable":true,"href":"https:\/\/www.proingesa.cl\/proingesa\/wp-json\/wp\/v2\/pages\/6"}],"wp:attachment":[{"href":"https:\/\/www.proingesa.cl\/proingesa\/wp-json\/wp\/v2\/media?parent=132"}],"curies":[{"name":"wp","href":"https:\/\/api.w.org\/{rel}","templated":true}]}}